 + i*g - 48, s = -4*g + 23. Calculate the remainder when s is divided by 23.
20
Suppose -4*z = -2*u - 64, 5*u + 135 = -2*z + 7*z. Calculate the remainder when u/(-2) - (3 - 0) is divided by (-13)/(-3) - 2/(-3).
3
Suppose -6*l = -l - 80. Calculate the remainder when l is divided by 5.
1
Suppose 129*a + 308 = 133*a. Let q(n) = -4*n - 4. Calculate the remainder when a is divided by q(-6).
17
Let y(p) = p + 1. Let r be y(-2). Let f be 6/(3 + r) + -2. Calculate the remainder when 37 is divided by (f/2)/((-1)/(-20)).
7
Let n = -20 - -21. Calculate the remainder when n is divided by 1.
0
Let s = -53 + 62. What is the remainder when 68 is divided by s?
5
Let d(k) = k - 10. Let r be ((-26)/1)/2*-1. Suppose -5*h = -7 - r. What is the remainder when d(16) is divided by h?
2
Suppose -2*g + 3 + 39 = 0. What is the remainder when g is divided by ((-2 - -2) + -4)*-2?
5
Let i be ((-3)/4)/(2/(-8)). Suppose n - 2*n = -3*d + 2, 5*n - i*d = 38. What is the remainder when 38 is divided by n?
8
Let d(p) = -p**3 + 6*p**2 - p - 7. Let q = -6 + 11. Let t be d(q). Suppose -2*h - t = -3*h. Calculate the remainder when h is divided by 4.
1
Let b = 139 - 82. Calculate the remainder when b is divided by 12.
9
Let f = -26 - -35. What is the remainder when f is divided by 3?
0
Let k be ((-12)/18)/((-2)/48). Let g = k - -10. What is the remainder when 51 is divided by g?
25
Suppose 0 = -5*c - 2*t + 106, 5*c - 2*t = -24 + 118. Let g be (-694)/(-12) - 4/(-24). What is the remainder when c is divided by 3/(-5) + g/5?
9
Let y be (8/6*3)/1. Suppose 111 = 5*z - 3*l, z = y*l + 11 + 1. Calculate the remainder when 47 is divided by z.
23
What is the remainder when 58 is divided by 11*3 + (4 + -5)*2?
27
What is the remainder when (-1)/(-2) + (-198)/(-36) is divided by 4?
2
Let x(j) = j**2 - 12*j - 2. Let k be x(12). Calculate the remainder when 1*(-3 + (k - -39)) is divided by 18.
16
Let a(s) = 6*s**2 + 3. What is the remainder when a(-3) is divided by 31?
26
Let q(w) = -w + 22. What is the remainder when q(9) is divided by 5?
3
Let j = 195 - 76. What is the remainder when j is divided by 24?
23
Let w(a) = 1 + 2*a - 1. Let f = 7 + -5. What is the remainder when w(1) is divided by f?
0
Let z(o) = -o**2 - 13*o + 3. What is the remainder when z(-9) is divided by 20?
19
Suppose 12 = -5*g + 47. Suppose 4*v + 186 = g*v. Suppose -42 = i - 3*i. What is the remainder when v is divided by i?
20
Suppose -49 - 280 = -7*k. Calculate the remainder when k is divided by 18.
11
Let c(l) = 4*l - 6*l**2 - 1 + 0*l**3 + l**3 + 2*l. Suppose -2*a - 2*d + 16 = -4*d, 0 = 2*a + 4*d - 10. Calculate the remainder when a is divided by c(5).
3
Let f = 21 - 9. Let p(t) = t**3 + 4*t**2 - 6*t. What is the remainder when f is divided by p(-5)?
2
Let z(h) = -h + 1. Suppose -5*u = -3*o - 54, -10 + 68 = 4*u + 5*o. Calculate the remainder when u is divided by z(-6).
5
Let u be (-30)/((42/(-76))/(-7)). Calculate the remainder when (3 - -1) + u/(-4) is divided by 25.
24
Suppose 6*h - 9*h + 15 = 0. What is the remainder when h is divided by 2?
1
Suppose 2*j + 0*j = -w + 15, -3*w + 3*j = -81. What is the remainder when w is divided by 8?
7
Let x = 30 - 0. Calculate the remainder when x is divided by (6/4)/(21/224).
14
Let i(o) = -o**3 + 9*o**2 - 7*o - 6. Suppose 0 = a + a + 4. Let l = a + 17. Calculate the remainder when i(7) is divided by l.
13
Suppose 9 = d + 2*d. Suppose 0 = p + 4*q - 19, 10 - 35 = -d*p + 4*q. Let h = p + -4. Calculate the remainder when 13 is divided by h.
6
Let y be (-984)/(-10) + 12/(-30). Suppose -2*s - y = -4*a, -3*a + 100 = a - 4*s. Calculate the remainder when a is divided by ((-13)/4)/((-3)/12).
11
What is the remainder when 151 - (-6 + 5 + 0) is divided by 14?
12
Suppose -6 = -k + 1. What is the remainder when k is divided by 7?
0
Suppose 29 = 8*i - 3. Calculate the remainder when 14 is divided by i.
2
Let s(m) = 2*m**2 - 2*m - 4. Let b = 45 + -39. What is the remainder when s(4) is divided by b?
2
Let l = 39 - 17. Calculate the remainder when l is divided by 8.
6
Let p = -3 - -6. Suppose 3*n = -i - 2*i + 36, -5*n - 3*i = -50. What is the remainder when n is divided by p?
1
Suppose 2*u = 52 + 102. What is the remainder when u is divided by 10?
7
Let c = -12 + 7. Let o(f) be the first derivative of -3*f**2/2 + 2. What is the remainder when 28 is divided by o(c)?
13
Let t(d) = 26*d + 1. Let y be t(1). Let m = y + -17. Calculate the remainder when m is divided by 4.
2
Let n(r) = -r**2 + 8*r - 9. Let f be n(6). Suppose 0 = -f*s + 6*s - 33. Let o(a) = -3*a + 5. Calculate the remainder when o(-5) is divided by s.
9
Calculate the remainder when 184 is divided by (-20)/(-2) + -9 + (61 - 0).
60
Suppose -5 = 4*z - 17. Suppose -y - 150 = -z*y. What is the remainder when y is divided by 19?
18
Suppose 2*j = 2*s + 22, s - 5*s - 36 = -3*j. Suppose c = -3*f + j, -2*c - 2*f + 6 = -2. Suppose c*y - 66 = -0*y. What is the remainder when y is divided by 17?
16
Let f = 19 - 16. What is the remainder when f is divided by 2?
1
Suppose q + 8 = 6*q + 3*m, -4*q - 4*m = 0. Let x = q + -1. Calculate the remainder when x is divided by 2.
1
Let c be (20 - -1)*35/15. Suppose 0 = 5*y + 66 + c. Let z = y - -32. What is the remainder when 17 is divided by z?
8
Calculate the remainder when 26 is divided by (-17 - 2 - -1)/(-2).
8
Let b(m) = -m**2 + 14. Let u be b(0). Let f = u - 7. Suppose 2*v + 5*w = 22, -v = -4*v + 5*w + 33. Calculate the remainder when v is divided by f.
4
Let k(n) = n**3 - 2*n**2 + n - 1. Let d be ((-8)/24)/((-2)/24). Let a be ((-42)/d)/7*-2. What is the remainder when k(a) is divided by 6?
5
Let h(g) = -2*g - 3. Let a(w) = 4*w - 44. What is the remainder when a(15) is divided by h(-6)?
7
Let v be 1 - -1 - (8 + -6). Suppose 5*f + b - 45 = 0, -3*f - 5*b + 27 = -v. What is the remainder when 24 is divided by f?
6
Let z = 49 - 38. What is the remainder when 65 is divided by z?
10
Let p = 52 + -46. What is the remainder when 17 is divided by p?
5
Suppose 1 + 9 = -5*a, -3*h = 2*a - 35. What is the remainder when 50 is divided by h?
11
Suppose m + 5*o - 41 = 0, 2*m - 65 = -3*m + 3*o. Let l be (0 - 8)*15/6. Let n = l + 51. Calculate the remainder when n is divided by m.
15
Suppose -4*k + 424 = 4*y, 3*k = 4*k - 3*y - 110. Calculate the remainder when k is divided by 22.
19
Suppose 0*o - 13 = -j - 2*o, j = 5*o + 13. Suppose -d = -5*w + 68 + 115, -w + 3*d + 45 = 0. What is the remainder when w is divided by j?
10
Let a(s) = s**2 - 5. What is the remainder when a(-4) is divided by 4?
3
Let t(y) = 7*y + 9. Calculate the remainder when t(7) is divided by 15.
13
Suppose -3*s - 78 = -2*h - h, -3*h - 5*s = -78. Let g be (-3)/2*280/(-6). Suppose -8*i - g = -13*i. What is the remainder when h is divided by i?
12
Let d(w) = w**3 - 6*w**2 + 9*w - 1. Let a be d(7). Suppose -281 = -2*c - a. Suppose 0 = 5*v - 115 - c. What is the remainder when v is divided by 21?
19
Suppose 4*t = 4*c - 96, 4*t + 47 = 3*c - 23. What is the remainder when 152 is divided by c?
22
Suppose 53 + 7 = 10*s. What is the remainder when 9 is divided by s?
3
Let m = 229 + -116. What is the remainder when m is divided by 23?
21
Let i(b) = b**3 + 8*b**2 + 5*b - 11. Calculate the remainder when 19 is divided by i(-7).
1
Let u(q) = 5*q. Let m be u(3). Suppose 16*i - 16 = m*i. Suppose 3*j + y - 146 = 0, 0 = j - 0*j + y - 52. What is the remainder when j is divided by i?
15
Let f = -29 + 47. Calculate the remainder when 87 is divided by f.
15
Suppose 0 = h - 10 - 14. Suppose 3*f + h - 69 = 0. What is the remainder when f is divided by 8?
7
Let h = 11 + -6. Suppose -h = -2*b + b. Calculate the remainder when 14 + (3/9 - (-176)/(-33)) is divided by b.
4
Let h be (-6)/4 - (-11)/2. Suppose 0 = b + 3, -h*c + 21 = -3*c - 2*b. Calculate the remainder when 42 is divided by c.
12
Let q = 59 - 48. What is the remainder when 40 is divided by q?
7
Let y be (31 + -1)*1/(-2). Let u = -5 - y. Calculate the remainder when u is divided by 4.
2
Let v(k) = -k**3 - 9*k**2 - 2*k - 13. Calculate the remainder when 9 is divided by v(-9).
4
Let r(k) = -k**3 - 3*k**2 - 4*k - 4. Calculate the remainder when 23 is divided by r(-3).
7
Suppose v + 2 = 0, 22 = 5*i - 3*v - 24. Suppose 4*n + 2 = 14. Calculate the remainder when i is divided by n.
2
Let l = 6 + -3. Let w be 1*(-2)/(-1) - 0. Supp